l/(1 + 38/(-34)). What is the highest common divisor of 85 and z?
17
Suppose 33*k + 840 = 37*k. Let a = 6677 - 6551. Calculate the highest common divisor of a and k.
42
Let l = -157 - -226. Suppose -x + 2*b = -111, 4 = b + b. What is the highest common factor of l and x?
23
Let t be (-38 + 2)*-2*(-6)/(-8). What is the highest common divisor of 22 and t?
2
Suppose -8477 = 268*a - 14723 - 19214. What is the highest common factor of a and 456?
19
Let i = 659 - 384. Let o = 152 + -97. What is the greatest common divisor of o and i?
55
Suppose c = -2*w + 73, 94*w - 97*w = -3*c + 237. Calculate the greatest common factor of c and 3696.
77
Suppose 4*s - 368 = 3*r, 0 = -3*s + 4*r + 117 + 152. Let i = 52 - s. Let b = 83 + i. What is the greatest common divisor of b and 80?
40
Let f = 204 - 222. Let z(i) = 3*i**2 + 46*i + 21. Let k be z(f). What is the highest common divisor of 15 and k?
15
Suppose -75024*s + 248 = -75023*s. What is the highest common divisor of s and 155?
31
Let u = -24975 + 24989. Let j(l) = -2*l - 2. Let t be j(-2). Suppose -t*x + 56 = 2*x. Calculate the greatest common divisor of u and x.
14
Suppose -38*x - 92*x = 11*x - 11280. Calculate the highest common factor of x and 730.
10
Suppose 3505 + 2945 = -29*b + 158*b. What is the greatest common factor of 375 and b?
25
Let y = 36263 - 33641. What is the highest common divisor of 345 and y?
69
Let i(p) = p**3 - 14*p**2 + 5*p + 6. Let c be i(14). Suppose 0 = -3*g + 4*l - 8, -5*g - 20*l + 15*l + 45 = 0. Calculate the highest common factor of c and g.
4
Let v = 1153 + 5878. Calculate the greatest common factor of v and 267.
89
Let y = -99 + 103. Suppose 20 = y*m + 8. Suppose -4 = -4*b + m*b. What is the highest common divisor of 14 and b?
2
Suppose 96 = 2*z + 4*r, -5*z + 3*r + 201 = -0*r. Let j = -43257 + 43761. Calculate the greatest common divisor of j and z.
42
Let q(s) = 2*s**3 - 11*s**2 - 14*s + 48. Suppose -75 = -6*i - 27. Let b be q(i). What is the highest common divisor of 16 and b?
16
Let z = 308 - 295. Suppose -8*u + 507 = -5*u. What is the highest common factor of z and u?
13
Let r(w) = w**3 + 13*w**2 - 12*w - 140. Let j = 322 + -335. Let m be r(j). Let b be (-2)/(-3)*3/2. What is the highest common factor of b and m?
1
Suppose 5*k + c = 22, 0 = -k - k - 3*c + 14. Let v = -11113 + 11189. Calculate the greatest common divisor of v and k.
4
Let w = -7246 + 7273. Calculate the greatest common divisor of w and 4887.
27
Suppose 0 = 2*d - 10, 16*g - 3*d = 11*g - 5. Let k be ((-840)/(-48))/(g/28). Calculate the greatest common factor of k and 147.
49
Let j be 10 + (1 - (4 - -1)). Suppose 0 = -2*n + j*n. Suppose n = -6*b - b + 7. Calculate the highest common divisor of b and 8.
1
Let i(d) = -2*d - 1. Let b = 53 - 84. Let p = b - -26. Let z be i(p). What is the greatest common factor of 45 and z?
9
Suppose -23*g = -44*g + 63. Suppose 0 = -s - g*h + 18, -4*s - 31 = -6*s - h. Calculate the greatest common divisor of s and 6.
3
Let n(z) = 19*z - 660. Let p be n(35). Let w = 80 - -35. Calculate the highest common factor of p and w.
5
Suppose -27*g + 1151 = -3173 - 3668. Calculate the highest common divisor of g and 8.
8
Suppose 0 = 21*m - 30 - 33. Let v(w) = 6*w**2 - 3*w + 11. Let j be v(m). What is the greatest common factor of j and 40?
8
Suppose 30*r - 111672 = -58*r. What is the greatest common divisor of 4935 and r?
141
Suppose 0 = 6*b + 2428 - 26200. Calculate the greatest common divisor of b and 98.
14
Let p be ((-650)/50 + 43)*(3/2 + -1). Calculate the greatest common divisor of p and 48255.
15
Let i be (8/(-6))/(14/(-63)). Suppose 14*j + 3363 = 4077. Calculate the greatest common divisor of j and i.
3
Let d(q) = -5*q**3 - 4*q**2 - 4. Let u be d(-3). Let k be (-2 + (1 - 6))*-11. Suppose 75*j = k*j - 38. What is the highest common factor of u and j?
19
Let t be (12/(-48))/(1 + 185/(-180)). Let v be 78*(1 + (-1)/2). What is the greatest common divisor of v and t?
3
Let k be (-162 - 12)/(555/(-183) + (5 - 2)). Calculate the greatest common divisor of 61 and k.
61
Let a be (-3)/2*(0 - 18). Suppose -54*w - 46 = -154. Suppose 0 = v + 5*c - 33, -5*c - 21 = -w*v - 0*c. What is the highest common divisor of a and v?
9
Let d(q) = 32*q + 21. Let b be d(-11). Let h = b - -430. What is the highest common factor of h and 33?
33
Let s = -9 + 16. Let y be 73/(s - 54/8). Calculate the greatest common factor of y and 219.
73
Let m be (-542 - -538) + ((-40)/(-3))/(4/2154). What is the highest common factor of m and 120?
24
Suppose 279*z - 13377 - 220945 = 41330. Calculate the greatest common divisor of 104 and z.
52
Suppose y - 3*x - 1 = 0, -5*y - x - 7 = -7*y. Suppose 2*p - 72 = -2*q, 5*q = y*p - 50 - 76. What is the highest common divisor of 17 and p?
17
Let p be -1*8/(-28) - (-1077)/(-21). Let j = -26 - p. Calculate the highest common factor of 175 and j.
25
Let q(x) = -x**3 + 8*x**2 + 19*x - 23. Let n be q(-15). What is the highest common divisor of 628 and n?
157
Let o = 4238 - 4105. What is the greatest common divisor of o and 57?
19
Let j(a) = a**3 + 31*a**2 + 16*a + 92. Let d be j(-30). Suppose y + f - 5 = -0*f, 2*y = 4*f + 28. Calculate the greatest common factor of y and d.
8
Let o be (2*2 - -1)/(-4 - -5). Let u(h) = 5*h - 23. Let i be u(o). Suppose -3*r - 4 = -i*d + 4, -5*d - r = -20. What is the greatest common factor of d and 4?
4
Let f(h) = -5*h**3 + 90*h**2 + 177*h - 1. Let a be f(-2). Calculate the highest common factor of 80 and a.
5
Suppose 3*o + 17 = -n, -3*o - 16 - 13 = -2*n. Let v be 232/10*-5*o/14. What is the highest common divisor of 29 and v?
29
Let h(s) = 7*s - 12. Let j be h(-4). Let v be 5 + 40/(-4) - j. Let y be 1/((-3)/(-15) - 0). What is the highest common divisor of y and v?
5
Suppose -5*g + j + 35 = 0, -14*g + 60 = -9*g + 4*j. Let k be (-2)/9 - 28/36. Let z be 21*(g + 5/k). What is the greatest common divisor of 21 and z?
21
Let s be (-7)/2*(-48)/(-84). Let b be (5/10)/(s/(-284)). Calculate the highest common divisor of 71 and b.
71
Suppose -67*t + 264 = -64*t. Let s = t + -85. What is the greatest common divisor of 5 and s?
1
Let v = 7930 + -7813. What is the highest common divisor of 52 and v?
13
Let w = -79 + 2. Let q = 219 - w. Calculate the highest common divisor of q and 8.
8
Suppose 162*z = -140*z + 1132500. Calculate the highest common divisor of z and 2.
2
Let o = -23708 - -24148. Calculate the highest common divisor of 7370 and o.
110
Suppose -3*f = -11 - 16. Suppose -2*t + f = -19. Let r(n) = -n**3 + 4*n**2 + n - 4. Let u be r(-3). Calculate the highest common factor of t and u.
14
Let l(w) = -w**3 - 8*w**2 + 19*w - 2. Let k be l(-10). Suppose 19 = -f + k. Let j be (-14 - f) + -1 + 18. What is the greatest common factor of j and 154?
14
Let n(i) = i**3 + 23*i**2 - 635*i + 30. Let j be n(17). What is the highest common divisor of j and 105?
15
Let x(d) be the second derivative of 11*d**3/6 - 49*d**2 + 79*d. Let a be x(13). What is the greatest common divisor of 15 and a?
15
Let m = -36 - -28. Let i be m/(-3) - (-24)/18. Suppose -4*k - 2*o + 378 = 0, i*k = -k - 2*o + 474. What is the highest common factor of k and 12?
12
Suppose 3*b + 0*b - 76 = -k, 2*k - b = 187. Suppose -k*x + 87*x + 32 = 3*g, 0 = 5*g + 3*x - 57. What is the greatest common divisor of 78 and g?
6
Let r(b) = b**2 - b + 2. Let w be r(-6). Let g = -107 + 115. Suppose 0 = 14*m - 16*m + g. Calculate the greatest common divisor of m and w.
4
Suppose 0 = -138*s + 131*s + 42. Suppose 988 + 1064 = s*d. Calculate the greatest common divisor of d and 38.
38
Let y = -5268 + 5935. Calculate the highest common factor of y and 116.
29
Suppose -7*m = -m - 54. Suppose -5*i = 4*l - 79, 0 = l + 3*i - m - 9. Suppose 22*r - l*r - 90 = 0. Calculate the greatest common factor of r and 30.
30
Suppose 554*f - 3*z + 198 = 557*f, -258 = -4*f - z. Calculate the highest common factor of 320 and f.
64
Let z be 84/18*(-12)/(-14). Suppose -2*m + 10 - z = 0. Suppose 59 = m*a - 151. What is the highest common divisor of 10 and a?
10
Suppose 0 = 5*i + r - 6*r - 85, -r = i - 5. What is the highest common factor of i and 55?
11
Let a(g) = -11*g + 99. Let k be a(9). Suppose 2496 = 32*i - k*i. Calculate the highest common divisor of 351 and i.
39
Suppose r + 3*r = 576. Let s(d) = d**3 - 7 - 24*d**2 - 3 - 24*d + 0 - 6. Let t 